g(k) - 4*r(k). Suppose -2*o = -5*q - 19, -5*o = -q - 7 - 6. Give f(o).
8
Let p(i) = 7*i**3 - 4*i - 2. Let o(f) = 15*f**3 - 9*f - 5. Let x(w) = 3*o(w) - 7*p(w). Let r(c) = 5*c**3 + c**2 - c. Let u(h) = 3*r(h) + 4*x(h). Calculate u(3).
-1
Let t(k) = -11*k - 176. Let l be t(-16). Let g(x) be the second derivative of l - 7*x + 1/6*x**3 + 2*x**2. Determine g(-5).
-1
Let x = -78 + 83. Let k(q) = 107*q**2 + 1 + 0*q + 3*q + x - 106*q**2. What is k(-4)?
10
Suppose 5*f = -2*b + 6*b + 25, 4*b - 20 = 0. Let c(q) be the third derivative of q**5/60 - q**4/3 - 3*q**3/2 - 56*q**2 + 93*q + 2. Give c(f).
0
Let i be (-2)/3 - (-78)/(-18). Let r(w) be the third derivative of w**5/60 + 7*w**4/24 + 2*w**3/3 - 8*w**2. Calculate r(i).
-6
Let b(l) = l**2 - 19*l + 16. Let o = -722 + 739. What is b(o)?
-18
Let b = -16 - -19. Let w(u) = u**2 - u - 5. Let j be w(b). Let p be ((-15)/45)/(j/12). Let s(r) = r**2 + 2*r + 3. Give s(p).
11
Let k = -505 + 493. Let h(j) = j**3 + 11*j**2 - 12*j + 8. Determine h(k).
8
Let g(h) = -h**2 + 4*h - 6. Suppose -200 = -33*l - 68. Determine g(l).
-6
Let o(f) = f**3 + 13*f**2 - f - 2*f**3 - 46*f**2 - 3 + 21*f**2. Calculate o(-12).
9
Suppose 4 = 5*b + 2*y, 2*b + 4 = -5*y - 7. Let c(m) = -4*m + m**2 + 2*m - b + 4*m. Suppose 36*j + 61 + 83 = 0. Give c(j).
6
Suppose 0*i = -9*i - 0*i. Let d(g) be the first derivative of g**2/2 - 3*g + 3. What is d(i)?
-3
Let c(o) = -3*o - 4*o + 6*o. Let v(j) = -j - 1. Let l(a) = -4*c(a) + 2*v(a). What is l(-2)?
-6
Let d(z) = z + 4. Let s(v) = 2*v + 5. Suppose -5*g + 14 = a, 3*a = -3*g + 4 + 2. Let i(c) = g*d(c) - 2*s(c). What is i(6)?
-4
Let y(m) = 8*m**2 - m - 3*m + m**3 - 11 - m + 2*m. Let f be y(-8). Let h = 7 - f. Let t(g) = g**3 + 7*g**2 + 8*g + 6. Give t(h).
-6
Let h(r) = -13*r + 372. Let m be h(27). Let q(p) = -p + 21. Give q(m).
0
Let m(c) = c**3 + 43 - 5*c**2 + 27*c**2 - 23*c**2. Calculate m(0).
43
Let n = -15 - -18. Suppose n*j + 1 = -2, 0 = -4*h - 3*j + 13. Let w(l) = -4*l + 2. Calculate w(h).
-14
Let w(r) = -13*r**3 + r. Let k(b) = b**3 + 9*b**2 - 24*b - 23. Suppose 2*y - 33 = 5*y. Let h be k(y). Give w(h).
12
Let r(p) = 21 - 6*p**2 + 0*p + 4*p + 0*p**3 - 14*p + p**3. What is r(7)?
0
Suppose 4*i + 4*q - 52 = 0, 3*i - 12 - 3 = 3*q. Let d(b) = 4 + 0*b - i*b + 6*b. Give d(3).
-5
Let a be (275/330)/((-2)/(-12)). Let m(w) = -11*w. Calculate m(a).
-55
Let v(l) = -l**3 + 6*l**2 + l - 3. Suppose 12*h - 9*h = 216. Suppose 0 = 71*m - h*m + 6. Calculate v(m).
3
Let r(w) = 2*w - 8*w + 13*w. Calculate r(-1).
-7
Let d(b) be the third derivative of b**5/60 - b**4/8 - 2*b**3/3 + b**2. Let o be (21 + -19)/((-4)/(-78)). Let l = o - 36. Determine d(l).
-4
Suppose 7*q - 2*q - 3*p = -2, -26 = -3*q - 5*p. Let y(a) = a**3 - 2*a**2 - 3*a + 5. Calculate y(q).
-1
Let f(s) = 2 + 4*s**2 + 3*s**3 + 183*s - 2*s**3 - 179*s + 4. Let d = -6 + 9. Suppose 0 = b - d*b - 8. Calculate f(b).
-10
Let w(u) = -4*u**2 + 3*u - 9*u - 3 - u**3 + 7*u. Let y be ((-8)/(-6)*-3)/1. Determine w(y).
-7
Let s(r) = -r - 1. Suppose 0 = 4*t - 128 - 48. Suppose 4*f - 144 = -t. Suppose 0*g + 5*g - f = 0. Give s(g).
-6
Let k(m) = -6*m**2 - m. Let w(g) = -6*g**2 - 4*g. Let c(x) = 2*k(x) - w(x). What is c(3)?
-48
Let q(j) = 5 + 2*j**2 - 2*j**2 + j**2 + 7*j. Let s be q(-6). Let c(n) = 4*n - 6. Let o(g) = -1. Let w(r) = -c(r) + 5*o(r). Give w(s).
5
Let s(v) = -v**2 - 10*v - 4. Let u be s(-9). Suppose -2 = -3*a + 4*g, 4*g + 0*g = u*a - 14. Let x(j) = j**3 - 5*j**2 - 5*j - 7. Give x(a).
-1
Let v(u) be the second derivative of -u**4/12 - u**3 + 4*u**2 - 959*u. What is v(-7)?
1
Let j(y) = 9*y + 4. Let o(k) = -8*k - 4. Let h(s) = 5*j(s) + 6*o(s). Let x(f) = f + 1. Let v(t) = -h(t) - x(t). Let g(n) = 2*n + 3. Let b be g(-3). Give v(b).
-3
Suppose -3*q + 6*w = 5*w, -q = -3*w. Let j = q + 0. Let x(o) = -4*o**3 - o**2 + 4*o + 1. Let l(u) = -u**3 + u. Let t(g) = -3*l(g) + x(g). What is t(j)?
1
Let j(f) = -39*f + 9 + 123*f - 47*f + 2 - 35*f. Suppose c = -3*v - 20, 5*c - v + 11 + 25 = 0. What is j(c)?
-5
Suppose -5 = -4*b + 3. Let s(a) be the second derivative of 0 + 5/6*a**3 + 1/12*a**4 - 2*a - 3*a**b. Calculate s(-6).
0
Suppose 4*g - 21 = -w, 0 = -2*g + 4 + 4. Let i(s) = -28 + 0*s**3 - 135*s + 5*s**2 + 135*s + 32 - s**3. What is i(w)?
4
Let r(z) = z**2 + 1. Suppose 3 - 13 = -5*t. Suppose t*w + 1 = -5. Calculate r(w).
10
Let j = 1 - 3. Let l(i) = -i**3 - i**2 + 3*i + 1. Let w be l(j). Let d(u) = 2*u**3 + 1 - 2*u**3 + u**2 + 0*u + 2*u + 2*u**3. Give d(w).
-2
Suppose -3*l - 4*p = -6, -5*p - 2 + 0 = -l. Suppose 0 = 5*k - 25, -c + l*k - 11 = -2*c. Let y(x) = -18*x**2 + x. Give y(c).
-17
Let i(h) = -h**2 - h + 1. Let r(o) = o**3 - 13*o**2 - 14*o - 1. Let q(k) = 2*i(k) - r(k). Determine q(12).
3
Let c be 23/3 - (-56)/42. Let m(w) = -6*w + 9. Calculate m(c).
-45
Let q(i) be the second derivative of -i**4/4 + i**3/6 + 2*i**2 - i - 30. Suppose 3*t + 4*s - 4 = 1, -5*s + 1 = 2*t. Give q(t).
-20
Let z(y) = -y - 13. Let p be z(-6). Let i(w) = w**2 + w. Let s(j) = -j**2 - j + 1. Let k(x) = p*i(x) - 4*s(x). Calculate k(-3).
-22
Let l(r) = -r + 12. Let i(s) be the first derivative of -s**2/2 - 8*s + 6. Let g be i(-13). Determine l(g).
7
Let n be -3*10/720*(0 + -4). Let a(l) be the second derivative of 0 - 9*l + n*l**3 - 3/2*l**2. Give a(5).
2
Let f(c) be the second derivative of -c**4/6 + c**3/6 - 5*c**2/2 + 195*c. Calculate f(3).
-20
Let u be (-1)/(-2) - 7/(-2). Let l(p) be the third derivative of p**4/12 - p**3/2 + 2*p**2 + 233*p. Give l(u).
5
Suppose -6*b + 140 = -b. Let o(y) = 10*y - b*y + 17*y - 1. Determine o(-6).
5
Let w(y) = -4*y - 9. Suppose 5*l = -3*l - 32. Let g be l/30 - (-264)/(-45). Determine w(g).
15
Let m(u) = 55*u - 168*u - 6*u**2 + 58*u + 1 + 54*u. Give m(1).
-6
Let a(k) = 12*k**2 + k. Let j(z) = z. Let r(c) = -3*c + 1. Let y(w) = -6*j(w) + r(w). Let x be y(0). Determine a(x).
13
Let q(v) = -v**3 + 7*v**2 - 7*v + 9. Suppose -16*m = -17*m + 44. Let u be 16/3 + m/66. What is q(u)?
3
Suppose z + 3*p + 17 = 0, z + 17 = 5*p - 0. Suppose 5*s + 97 = 2*g, -60 = 3*s - 3*g - 0*g. Let b = s - z. Let i(a) = -3*a - 2. Give i(b).
4
Let g(f) = -13*f**2 + f. Let s be g(-1). Let h(p) = 137 + p - 14 - 117. Calculate h(s).
-8
Let n(f) = -1 - 4 - 3*f + 7. Give n(-1).
5
Let q(c) be the third derivative of -1/60*c**5 - 1/3*c**3 + 1/8*c**4 + 0 + 0*c + 9*c**2. Give q(6).
-20
Let h(s) be the first derivative of 2*s**3/3 + 5*s**2/2 + 5*s - 497. Give h(-3).
8
Let q(d) = -7*d**2. Let i be ((-2)/(-6))/(1*1/(-33)). Let w = 10 + i. Calculate q(w).
-7
Let h = -18 - -32. Suppose -5*l + 11 = -h. Let m(g) = 3*g - 3*g**2 + 2*g**2 + 0*g + 1 + 0*g**2. Give m(l).
-9
Suppose -5*n + 15 = -0*n + 5*l, n + 3*l + 1 = 0. Suppose -o + 0*o - u = -4, -10 = -n*o + 5*u. Let x(i) = 0 + 5 + o*i + 2. Give x(-5).
-8
Let x(t) = t**3 - 12*t**2 - t + 17. Let k be x(12). Suppose -3*i - 2 = 2*a, -5*i - 3 - 3 = 4*a. Let o(w) = 58*w - 1 + w**3 - 6*w**i + w**2 - 61*w. Give o(k).
-16
Let c(z) = -113*z**2 + 193*z**2 - 6 - 81*z**2. Give c(0).
-6
Let t(d) = -3*d - 14. Let z(v) = -v - 6. Let y(f) = 2*t(f) - 5*z(f). Give y(-2).
4
Let p(x) = -9*x + 17. Let s(r) = 4*r - 9. Let z(n) = 3*p(n) + 5*s(n). Let y(i) = -9*i + 6. Let v(b) = 2*y(b) - 3*z(b). What is v(-7)?
-27
Let x(u) = -u**3 - 8*u**2 - 5*u + 10. Suppose -4*k - 31 = -2*r - 235, -k + 58 = 3*r. Let o = -59 + k. What is x(o)?
-4
Let j(z) = z**3 + 4*z**2 - 21*z - 8. Suppose -11*f + 240 = 317. What is j(f)?
-8
Let n(d) = -d**2 - 1. Let b(l) = 3*l**2 - 13*l + 10. Let p be b(2). Calculate n(p).
-17
Let x be (1 + 3)*(13 + 1). Let g be 96/x*(-14)/(-4). Let f(j) = -3*j. What is f(g)?
-18
Let t(g) = 3*g - 10. Let j be t(4). Let n(i) = -4*i**2 - 7*i - i**3 - 7*i**j + 3 - 3*i. Determine n(-10).
3
Suppose -245 = 74*k - 25*k. Let f(b) = b**3 + 3*b**2 - 9*b + 3. What is f(k)?
-2
Suppose -33 = -2*m + 71. Let k = m - 52. Let p(t) = t - 11. Give p(k).
-11
Let x(f) = 10*f - 5. Let v = 2368 - 2373. Determine x(v).
-55
Let n be ((-79)/(-158))/(1/(-4)). Let s(l) be the second derivative of -l**4/4 - l**3/3 + l**2 + l. Let u(z) be the first derivative of s(z). What is u(n)?
10
Suppose 12*r - 4752 = -432. Let s(v) = -r - 2*v + 0*v**2 + 363 - v**2. Give s(5).
-32
Let i(y) = -y**2 + 12*y - 6. Let g be (-8)/(-88) + 480/44. Determine i(g).
5
Let u(l) be the third derivative of 3*l**4/4 - l**3/6 + l**2. Let a(